8647321?
3
What is the hundred millions digit of 1927815976?
9
What is the ten millions digit of 234514705?
3
What is the ten thousands digit of 658223951?
2
What is the billions digit of 4562386120?
4
What is the thousands digit of 182116264?
6
What is the ten millions digit of 725732575?
2
What is the tens digit of 828963294?
9
What is the hundred thousands digit of 1290903652?
9
What is the ten thousands digit of 1639004438?
0
What is the hundred millions digit of 1649311517?
6
What is the thousands digit of 63961992?
1
What is the hundred millions digit of 5200436210?
2
What is the hundred thousands digit of 3243001062?
0
What is the ten thousands digit of 147090415?
9
What is the millions digit of 257670659?
7
What is the thousands digit of 82497730?
7
What is the hundred millions digit of 5358603376?
3
What is the ten millions digit of 1486856667?
8
What is the thousands digit of 105100255?
0
What is the hundred millions digit of 138239460?
1
What is the tens digit of 113623689?
8
What is the tens digit of 853574121?
2
What is the billions digit of 1197482266?
1
What is the thousands digit of 106686925?
6
What is the ten thousands digit of 3331087466?
8
What is the thousands digit of 2426701228?
1
What is the thousands digit of 179154050?
4
What is the hundred thousands digit of 21679564?
6
What is the hundreds digit of 821639345?
3
What is the tens digit of 9212151?
5
What is the millions digit of 494879416?
4
What is the hundreds digit of 1478139137?
1
What is the thousands digit of 96267791?
7
What is the tens digit of 185156502?
0
What is the units digit of 129038368?
8
What is the millions digit of 1488470660?
8
What is the ten thousands digit of 3074638682?
3
What is the ten thousands digit of 4445922793?
2
What is the hundreds digit of 637820172?
1
What is the tens digit of 2716217746?
4
What is the units digit of 157062247?
7
What is the ten thousands digit of 511111851?
1
What is the hundred millions digit of 164034362?
1
What is the units digit of 434305646?
6
What is the ten millions digit of 146500089?
4
What is the ten millions digit of 228394901?
2
What is the hundred thousands digit of 26657730?
6
What is the ten millions digit of 3301003240?
0
What is the units digit of 199190273?
3
What is the millions digit of 2784771860?
4
What is the tens digit of 748224424?
2
What is the hundreds digit of 110871735?
7
What is the hundred millions digit of 128031284?
1
What is the ten millions digit of 29668927?
2
What is the ten thousands digit of 610061387?
6
What is the ten thousands digit of 6313773?
1
What is the thousands digit of 107129207?
9
What is the ten thousands digit of 992324984?
2
What is the ten thousands digit of 1137052081?
5
What is the ten millions digit of 951824228?
5
What is the hundred thousands digit of 13504882?
5
What is the thousands digit of 2165466?
5
What is the millions digit of 13700138?
3
What is the tens digit of 51636649?
4
What is the millions digit of 2149379138?
9
What is the units digit of 3206512?
2
What is the thousands digit of 3892145663?
5
What is the tens digit of 810961344?
4
What is the hundred millions digit of 130247793?
1
What is the ten thousands digit of 552535035?
3
What is the hundred thousands digit of 108928778?
9
What is the thousands digit of 254539194?
9
What is the hundreds digit of 135551587?
5
What is the millions digit of 2190841249?
0
What is the units digit of 195435657?
7
What is the hundred thousands digit of 69094601?
0
What is the tens digit of 313191150?
5
What is the ten millions digit of 2061287664?
6
What is the millions digit of 237109488?
7
What is the hundred thousands digit of 226454050?
4
What is the millions digit of 188612895?
8
What is the tens digit of 503894862?
6
What is the tens digit of 452650881?
8
What is the millions digit of 4116253416?
6
What is the thousands digit of 46169333?
9
What is the units digit of 17357439?
9
What is the tens digit of 407577085?
8
What is the millions digit of 6540753478?
0
What is the hundred thousands digit of 391364479?
3
What is the millions digit of 24096977?
4
What is the tens digit of 179191708?
0
What is the tens digit of 140265322?
2
What is the ten thousands digit of 130216396?
1
What is the ten millions digit of 1399904081?
9
What is the hundreds digit of 6572599313?
3
What is the ten thousands digit of 1131931276?
3
What is the ten millions digit of 496545454?
9
What is the ten millions digit of 566838469?
6
What is the tens digit of 5908068015?
1
What is the hundred thousands digit of 187978348?
9
What is the millions digit of 64521119?
4
What is the ten thousands digit of 299774896?
7
What is the hundred millions digit of 3203971817?
2
What is the tens digit of 12361633?
3
What is the ten thousands digit of 40952412?
5
What is the ten millions digit of 484659009?
8
What is the millions digit of 62097969?
2
What is the hundred thousands digit of 220261645?
2
What is the ten millions digit of 860439548?
6
What is the units digit of 117763528?
8
What is the tens digit of 49180357?
5
What is the billions digit of 3964621198?
3
What is the millions digit of 251879140?
1
What is the units digit of 188421803?
3
What is the hundred millions digit of 248417245?
2
What is the hundred millions digit of 825146308?
8
What is the tens digit of 4010796684?
8
What is the hundred thousands digit of 51623347?
6
What is the hundreds digit of 34521463?
4
What is the millions digit of 499922177?
9
What is the units digit of 120701584?
4
What is the thousands digit of 3071432653?
2
What is the units digit of 176957922?
2
What is the thousands digit of 494079412?
9
What is the millions digit of 2391598393?
1
What is the tens digit of 8478393?
9
What is the millions digit of 205633696?
5
What is the ten thousands digit of 25079392?
7
What is the ten millions digit of 1368927999?
6
What is the ten millions digit of 69861401?
6
What is the ten thousands digit of 174335264?
3
What is the thousands digit of 97134507?
4
What is the units digit of 918048089?
9
What is the hundred thousands digit of 236119842?
1
What is the millions digit of 166267219?
6
What is the hundred millions digit of 156284096?
1
What is the tens digit of 86904009?
0
What is the units digit of 8064711173?
3
What is the hundreds digit of 532992946?
9
What is the units digit of 68567089?
9
What is the ten millions digit of 121426118?
2
What is the ten thousands digit of 5043618907?
1
What is the hundred millions digit of 966823099?
9
What is the units digit of 51557259?
9
What is the hundred millions digit of 192456462?
1
What is the thousands digit of 2639839845?
9
What is the hundred millions digit of 382716168?
3
What is the hundreds digit of 728322091?
0
What is the hundreds digit of 216825419?
4
What is the ten millions digit of 1074200893?
7
What is the millions digit of 7603086694?
3
What is the units digit of 69749704?
4
What is the hundred thousands digit of 2259497771?
4
What is the thousands digit of 40422741?
2
What is the millions digit of 505271795?
5
What is the thousands digit of 15070607?
0
What is the units digit of 90410855?
5
What is the billions digit of 1304275138?
1
What is the hundred thousands digit of 2463790772?
7
What is the thousands digit of 62805265?
5
What is the ten thousands digit of 94446251?
4
What is the hundred thousands digit of 28422403?
4
What is the millions digit of 26880068?
6
What is the units digit of 212244220?
0
What is the units digit of 542338945?
5
What is the tens digit of 32117664?
6
What is the thousands digit of 16847187?
7
What is the hundred millions digit of 120378969?
1
What is the ten thousands digit of 58628698?
2
What is the hundred thousands digit of 278999321?
9
What is the units digit of 68926530?
0
What is the ten thousands digit of 77748612?
4
What is the tens digit of 13724897?
9
What is the ten thousands digit of 2583688588?
8
What is the hundred millions digit of 2375084146?
3
What is the hundreds digit of 97817836?
8
What is the tens digit of 279723985?
8
What is the units digit of 164444288?
8
What is the ten millions digit of 16141768?
1
What is the hundred millions digit of 414302047?
4
What is the tens digit of 51866267?
6
What is the millions digit of 116901157?
6
What is the hundre